11798456?
8
What is the thousands digit of 226758?
6
What is the hundreds digit of 516484?
4
What is the units digit of 406550?
0
What is the tens digit of 14381704?
0
What is the ten thousands digit of 1010410?
1
What is the hundred thousands digit of 173126?
1
What is the tens digit of 191189?
8
What is the tens digit of 8314927?
2
What is the millions digit of 3388702?
3
What is the hundred thousands digit of 202364?
2
What is the thousands digit of 267905?
7
What is the thousands digit of 2964754?
4
What is the units digit of 2540432?
2
What is the ten thousands digit of 13938179?
3
What is the hundred thousands digit of 1010720?
0
What is the hundreds digit of 2746656?
6
What is the hundreds digit of 379322?
3
What is the tens digit of 1508454?
5
What is the units digit of 2477453?
3
What is the thousands digit of 13664215?
4
What is the units digit of 107372?
2
What is the ten thousands digit of 53019?
5
What is the hundred thousands digit of 241009?
2
What is the hundred thousands digit of 155639?
1
What is the units digit of 1668439?
9
What is the thousands digit of 3877134?
7
What is the tens digit of 203132?
3
What is the hundred thousands digit of 467699?
4
What is the tens digit of 374107?
0
What is the thousands digit of 7133697?
3
What is the ten thousands digit of 550489?
5
What is the thousands digit of 197951?
7
What is the hundreds digit of 13819777?
7
What is the hundred thousands digit of 931191?
9
What is the ten thousands digit of 74449?
7
What is the thousands digit of 664190?
4
What is the thousands digit of 7064946?
4
What is the hundreds digit of 7365724?
7
What is the ten thousands digit of 21971188?
7
What is the hundreds digit of 6746208?
2
What is the hundreds digit of 502634?
6
What is the ten thousands digit of 1168909?
6
What is the tens digit of 1123057?
5
What is the hundred thousands digit of 5702711?
7
What is the tens digit of 680742?
4
What is the hundreds digit of 623891?
8
What is the thousands digit of 1216393?
6
What is the thousands digit of 1346420?
6
What is the tens digit of 49346?
4
What is the units digit of 5764663?
3
What is the thousands digit of 6793697?
3
What is the thousands digit of 4761289?
1
What is the tens digit of 564432?
3
What is the tens digit of 296810?
1
What is the units digit of 153985?
5
What is the tens digit of 319212?
1
What is the units digit of 730867?
7
What is the millions digit of 2039904?
2
What is the hundred thousands digit of 6238121?
2
What is the thousands digit of 1126197?
6
What is the ten thousands digit of 3634057?
3
What is the tens digit of 1835903?
0
What is the units digit of 763472?
2
What is the ten thousands digit of 150891?
5
What is the tens digit of 282625?
2
What is the ten millions digit of 32891518?
3
What is the hundreds digit of 17383183?
1
What is the hundred thousands digit of 733065?
7
What is the units digit of 554380?
0
What is the millions digit of 2003024?
2
What is the millions digit of 29333683?
9
What is the units digit of 9723743?
3
What is the hundreds digit of 1715592?
5
What is the ten thousands digit of 121500?
2
What is the ten thousands digit of 306576?
0
What is the tens digit of 2489262?
6
What is the hundred thousands digit of 5502401?
5
What is the tens digit of 2218461?
6
What is the hundreds digit of 1307653?
6
What is the thousands digit of 272928?
2
What is the hundred thousands digit of 5197245?
1
What is the units digit of 2449092?
2
What is the thousands digit of 502251?
2
What is the ten thousands digit of 5735016?
3
What is the tens digit of 70826?
2
What is the hundred thousands digit of 5219494?
2
What is the hundred thousands digit of 856877?
8
What is the units digit of 7526?
6
What is the units digit of 2041951?
1
What is the thousands digit of 3221724?
1
What is the hundred thousands digit of 624141?
6
What is the hundreds digit of 11333965?
9
What is the ten thousands digit of 3383992?
8
What is the hundreds digit of 211517?
5
What is the hundred thousands digit of 1048895?
0
What is the ten thousands digit of 271265?
7
What is the thousands digit of 3227459?
7
What is the ten thousands digit of 1943452?
4
What is the units digit of 367254?
4
What is the units digit of 3287290?
0
What is the tens digit of 670501?
0
What is the hundred thousands digit of 359604?
3
What is the ten thousands digit of 1197554?
9
What is the tens digit of 408133?
3
What is the ten millions digit of 25557727?
2
What is the hundred thousands digit of 380684?
3
What is the thousands digit of 274874?
4
What is the hundred thousands digit of 4155455?
1
What is the hundred thousands digit of 195671?
1
What is the units digit of 10480430?
0
What is the ten thousands digit of 3571614?
7
What is the thousands digit of 993743?
3
What is the ten millions digit of 16032458?
1
What is the thousands digit of 127964?
7
What is the tens digit of 207360?
6
What is the hundred thousands digit of 1825794?
8
What is the units digit of 2025533?
3
What is the hundreds digit of 131140?
1
What is the millions digit of 4286445?
4
What is the thousands digit of 1432469?
2
What is the hundreds digit of 10949025?
0
What is the millions digit of 1324213?
1
What is the tens digit of 11252?
5
What is the units digit of 15212?
2
What is the ten thousands digit of 1303138?
0
What is the tens digit of 922009?
0
What is the ten thousands digit of 461284?
6
What is the units digit of 10434445?
5
What is the thousands digit of 1069362?
9
What is the thousands digit of 230519?
0
What is the hundred thousands digit of 422911?
4
What is the thousands digit of 761426?
1
What is the hundred thousands digit of 17073070?
0
What is the hundreds digit of 1239691?
6
What is the ten thousands digit of 292967?
9
What is the units digit of 94005?
5
What is the thousands digit of 515244?
5
What is the units digit of 2929854?
4
What is the thousands digit of 1328795?
8
What is the thousands digit of 1745769?
5
What is the units digit of 8423182?
2
What is the ten thousands digit of 86950?
8
What is the hundred thousands digit of 8674639?
6
What is the units digit of 2637730?
0
What is the units digit of 5572798?
8
What is the thousands digit of 294378?
4
What is the ten thousands digit of 1970064?
7
What is the hundred thousands digit of 146394?
1
What is the ten thousands digit of 18820634?
2
What is the thousands digit of 582122?
2
What is the thousands digit of 83034?
3
What is the ten thousands digit of 33544?
3
What is the units digit of 27276186?
6
What is the units digit of 2912312?
2
What is the units digit of 197653?
3
What is the hundreds digit of 3640803?
8
What is the units digit of 15947?
7
What is the hundreds digit of 916071?
0
What is the tens digit of 4293745?
4
What is the ten thousands digit of 11349376?
4
What is the hundreds digit of 3118863?
8
What is the units digit of 1838537?
7
What is the units digit of 396094?
4
What is the units digit of 912813?
3
What is the units digit of 9377267?
7
What is the ten thousands digit of 185011?
8
What is the units digit of 675808?
8
What is the tens digit of 2537647?
4
What is the hundred thousands digit of 15167655?
1
What is the units digit of 36722?
2
What is the units digit of 120809?
9
What is the ten thousands digit of 337847?
3
What is the thousands digit of 22300713?
0
What is the ten thousands digit of 19427788?
2
What is the millions digit of 1045815?
1
What is the hundred thousands digit of 1680825?
6
What is the units digit of 556351?
1
What is the thousands digit of 29338?
9
What is the tens digit of 118173?
7
What is the thousands digit of 13351882?
1
What is the hundreds digit of 9189140?
1
What is the ten thousands digit of 3409977?
0
What is the tens digit of 59446?
4
What is the thousands digit of 213793?
3
What is the thousands digit of 241590?
1
What is the ten thousands digit of 1060726?
6
What is the millions digit of 5386203?
5
What is the ten thousands digit of 1369397?
6
What is the ten thousands digit of 14543999?
4
What is the tens digit of 152065?
6
What is the hundred thousands digit of 802102?
8
What is the ten thousands digit of 452578?
5
What is the thousands digit of 42616?
2
What is the ten thousands digit of 14252936?
5
What is the thousands digit of 137889?
7
What is the ten tho